s of 824542.
2, 107, 3853
List the prime factors of 205771.
347, 593
What are the prime factors of 141420?
2, 3, 5, 2357
List the prime factors of 5313407.
11, 19, 25423
What are the prime factors of 143997?
3, 7, 6857
List the prime factors of 155016.
2, 3, 2153
What are the prime factors of 3005536?
2, 93923
What are the prime factors of 327351?
3, 19, 5743
List the prime factors of 564279.
3, 239, 787
List the prime factors of 8013475.
5, 320539
List the prime factors of 1657856.
2, 1619
List the prime factors of 3438874.
2, 59, 151, 193
What are the prime factors of 254049?
3, 19, 4457
List the prime factors of 765376.
2, 11959
What are the prime factors of 316141?
7, 19, 2377
What are the prime factors of 354492?
2, 3, 43, 229
What are the prime factors of 4889278?
2, 2444639
List the prime factors of 17294357.
73, 236909
List the prime factors of 1240920.
2, 3, 5, 383
What are the prime factors of 3398871?
3, 7, 23, 31, 227
What are the prime factors of 221132?
2, 59, 937
List the prime factors of 1167340.
2, 5, 58367
What are the prime factors of 1266562?
2, 11, 57571
What are the prime factors of 25436?
2, 6359
List the prime factors of 1663133.
1663133
List the prime factors of 5116486.
2, 2558243
List the prime factors of 1034249.
1034249
What are the prime factors of 8376501?
3, 7, 56983
List the prime factors of 11172545.
5, 191, 11699
List the prime factors of 1601872.
2, 53, 1889
What are the prime factors of 10864813?
10864813
What are the prime factors of 332940?
2, 3, 5, 31, 179
List the prime factors of 5252370.
2, 3, 5, 175079
List the prime factors of 365106.
2, 3, 7, 8693
What are the prime factors of 10092886?
2, 617, 8179
List the prime factors of 27522770.
2, 5, 11, 151, 1657
List the prime factors of 1632555.
3, 5, 29, 139
What are the prime factors of 128381?
11, 1061
What are the prime factors of 27957?
3, 9319
What are the prime factors of 757298?
2, 23, 101, 163
What are the prime factors of 17058668?
2, 11, 229, 1693
What are the prime factors of 3044693?
19, 37, 61, 71
What are the prime factors of 13589661?
3, 29, 181, 863
List the prime factors of 221613.
3, 7, 61, 173
List the prime factors of 3074915.
5, 614983
List the prime factors of 212427.
3, 23603
List the prime factors of 3859454.
2, 227, 8501
List the prime factors of 742165.
5, 151, 983
What are the prime factors of 1634809?
11, 331, 449
List the prime factors of 5091382.
2, 2545691
List the prime factors of 183104.
2, 2861
List the prime factors of 4902412.
2, 1225603
List the prime factors of 11944353.
3, 17, 234203
What are the prime factors of 53836?
2, 43, 313
What are the prime factors of 1142459?
199, 5741
List the prime factors of 447227.
11, 109, 373
List the prime factors of 19986244.
2, 127, 39343
List the prime factors of 2914228.
2, 728557
What are the prime factors of 1996395?
3, 5, 17, 7829
List the prime factors of 666600.
2, 3, 5, 11, 101
What are the prime factors of 532215?
3, 5, 11827
What are the prime factors of 15835?
5, 3167
List the prime factors of 17667083.
7, 2523869
What are the prime factors of 442023?
3, 147341
List the prime factors of 384275.
5, 19, 809
What are the prime factors of 7857655?
5, 13, 17, 547
What are the prime factors of 17027895?
3, 5, 19, 59747
List the prime factors of 513484.
2, 31, 41, 101
List the prime factors of 9523148.
2, 2380787
List the prime factors of 125263.
229, 547
List the prime factors of 1240421.
7, 13, 43, 317
List the prime factors of 5296854.
2, 3, 23, 131, 293
What are the prime factors of 11215366?
2, 31, 37, 4889
What are the prime factors of 34048?
2, 7, 19
List the prime factors of 2165446.
2, 1082723
List the prime factors of 641884.
2, 23, 6977
List the prime factors of 1822412.
2, 455603
List the prime factors of 10528333.
163, 64591
What are the prime factors of 345603?
3, 115201
List the prime factors of 125019.
3, 29, 479
List the prime factors of 492055.
5, 98411
What are the prime factors of 4638378?
2, 3, 773063
What are the prime factors of 890797?
890797
What are the prime factors of 2728615?
5, 545723
What are the prime factors of 244830?
2, 3, 5, 8161
What are the prime factors of 590467?
523, 1129
List the prime factors of 2316732.
2, 3, 11, 17551
List the prime factors of 363067.
363067
List the prime factors of 265379.
29, 9151
What are the prime factors of 161152?
2, 1259
List the prime factors of 15842246.
2, 7, 743, 1523
What are the prime factors of 450677?
450677
List the prime factors of 391414.
2, 23, 67, 127
List the prime factors of 659746.
2, 329873
What are the prime factors of 1697912?
2, 212239
List the prime factors of 3664388.
2, 7, 13, 10067
What are the prime factors of 2918443?
11, 265313
List the prime factors of 233359.
7, 17, 37, 53
What are the prime factors of 105117?
3, 37, 947
What are the prime factors of 22758162?
2, 3, 7, 19, 79
List the prime factors of 1059799.
13, 6271
List the prime factors of 261653.
7, 37379
What are the prime factors of 5993780?
2, 5, 13, 23053
List the prime factors of 435454.
2, 217727
What are the prime factors of 1282582?
2, 7, 17, 317
List the prime factors of 26098.
2, 13049
What are the prime factors of 305714?
2, 152857
List the prime factors of 9016963.
19, 677, 701
What are the prime factors of 368317?
173, 2129
What are the prime factors of 1263608?
2, 157951
List the prime factors of 4471485.
3, 5, 298099
What are the prime factors of 7600834?
2, 71, 53527
What are the prime factors of 2822575?
5, 7, 127
List the prime factors of 4543425.
3, 5, 53, 127
What are the prime factors of 299696?
2, 18731
What are the prime factors of 122221?
11, 41, 271
What are the prime factors of 1480631?
1480631
List the prime factors of 799619.
799619
What are the prime factors of 2358054?
2, 3, 269, 487
What are the prime factors of 824665?
5, 23, 71, 101
List the prime factors of 409051.
19, 21529
What are the prime factors of 2090366?
2, 1045183
What are the prime factors of 1676513?
167, 10039
List the prime factors of 12703755.
3, 5, 846917
What are the prime factors of 52273?
13, 4021
What are the prime factors of 1482405?
3, 5, 37, 2671
List the prime factors of 30868678.
2, 743, 20773
List the prime factors of 25222851.
3, 463, 6053
What are the prime factors of 150184?
2, 18773
List the prime factors of 3331162.
2, 1665581
What are the prime factors of 321141?
3, 167, 641
List the prime factors of 16694178.
2, 3, 37, 139, 541
List the prime factors of 1439321.
13, 53, 2089
What are the prime factors of 7828748?
2, 1957187
List the prime factors of 222893.
11, 23, 881
List the prime factors of 1163597.
193, 6029
What are the prime factors of 15371848?
2, 1921481
What are the prime factors of 1474894?
2, 19, 37, 1049
What are the prime factors of 2034704?
2, 7, 37, 491
List the prime factors of 8556392.
2, 13, 29, 2837
What are the prime factors of 34596506?
2, 7, 2471179
List the prime factors of 1541208.
2, 3, 64217
List the prime factors of 79815.
3, 5, 17, 313
What are the prime factors of 1068800?
2, 5, 167
What are the prime factors of 6152073?
3, 421, 4871
List the prime factors of 4988827.
571, 8737
What are the prime factors of 6731468?
2, 1682867
What are the prime factors of 1608747?
3, 7, 76607
What are the prime factors of 13829827?
11, 983, 1279
List the prime factors of 1730197.
7, 19, 13009
What are the prime factors of 15155879?
2027, 7477
List the prime factors of 371026.
2, 29, 6397
List the prime factors of 16266417.
3, 5422139
What are the prime factors of 684867?
3, 167, 1367
What are the prime factors of 195319?
195319
What are the prime factors of 1188552?
2, 3, 49523
List the prime factors of 4398196.
2, 11, 19, 5261
List the prime factors of 10032944.
2, 627059
List the prime factors of 20319647.
313, 64919
List the prime factors of 2918478.
2, 3, 401, 1213
List the prime factors of 14084792.
2, 1760599
What are the prime factors of 745642?
2, 59, 71, 89
What are the prime factors of 102667?
102667
List the prime factors of 15723.
3, 1747
What are the prime factors of 281335?
5, 56267
What are the prime factors of 8303962?
2, 263, 15787
List the prime factors of 317676.
2, 3, 23, 1151
List the prime factors of 302526.
2, 3, 7
What are the prime factors of 195763?
163, 1201
What